52 is divided by u?
6
Let w be ((-4)/6)/(2/(-3)). Suppose -89 - 85 = -6*s. What is the remainder when s is divided by -1*w - 48/(-3)?
14
What is the remainder when 394 is divided by (-1)/2 - 1449/(-126)?
9
Let v(t) = t**3 - 10*t**2 - 33*t - 54. Suppose -323 - 45 = -4*g. What is the remainder when g is divided by v(13)?
20
Calculate the remainder when 32 + 9 - 2/1 is divided by 20.
19
Let x = 69 - 20. Let i = x + -39. Calculate the remainder when 17 is divided by i.
7
Suppose 21*i - 767 = 8*i. Calculate the remainder when i is divided by 17.
8
Let s be 495/5 - (1 + -3)/2. Let h = s - 75. Calculate the remainder when 47 is divided by h.
22
Let u be (-114 - -4)*(-15)/10. Let z = u + -87. Calculate the remainder when z is divided by 27.
24
Suppose 556 - 80 = 7*r. Calculate the remainder when 542 is divided by r.
66
Let l = -362 - -197. Let g = -95 - l. Suppose g = m + 4*m. Calculate the remainder when 25 is divided by m.
11
Suppose -18*g = -24*g + 282. What is the remainder when g is divided by 15?
2
Let b(c) = 2*c - 1. Suppose -46*y = -39*y - 434. Calculate the remainder when y is divided by b(4).
6
Suppose 223 = 18*y - 749. What is the remainder when 120 is divided by y?
12
Let q = 17 - 23. Let p = q + 11. Suppose -p*u - r + 103 = -2*r, -2*u - 4*r + 50 = 0. Calculate the remainder when u is divided by 8.
5
Suppose -2*r + 4*r - 2*o = -14, 4*o - 12 = 2*r. Let l = -5 - r. Suppose -5*k + 3 = -2*k. What is the remainder when l is divided by k?
0
Let r(u) = u**3 - 14*u**2 - 63*u + 6. Suppose -6*j = -3*z - 2*j + 90, 4*z - 3*j - 127 = 0. What is the remainder when r(18) is divided by z?
32
Let f be (-15)/10*(-68)/3. Let j = f + -21. Let s(u) = u**2 - 2. Calculate the remainder when j is divided by s(-3).
6
Suppose 8*o - 6 + 22 = 0. Let v = 59 + 27. Calculate the remainder when v is divided by o/(-6)*-1*-66.
20
Suppose 5*p - 18 = -4*t, -t - 4*p + 5 = -5. Let d = t - -1. Suppose -r - d*r = -280. Calculate the remainder when r is divided by 18.
16
Suppose -3*j + 2*j + 6 = 0. Suppose 7*d - j = 4*d. Suppose 0 = -d*a - a + 21. What is the remainder when 13 is divided by a?
6
Suppose 428 = 4*r + 4*t, 3*t = -5*r + 2*t + 543. What is the remainder when 540 is divided by r?
104
Let n(w) = 8*w + 8. Let z be n(7). Let d = z + -49. Calculate the remainder when 27 is divided by d.
12
Suppose 2*r = 34 + 82. Suppose 0 = 5*n - 3*n + t - r, -2*n + 56 = 2*t. Calculate the remainder when ((-6)/(-5))/(4/n) is divided by 4.
1
What is the remainder when (256/(-3))/((-28)/84) is divided by 126?
4
Let u = 7817 + -7772. Suppose 0*y = y - 5, -h + 5*y = 13. Calculate the remainder when u is divided by h.
9
Suppose 2*r + 11 = -x - 0*r, 5*x - 4*r - 15 = 0. Let f be (-42)/4 + -3 - (-3)/6. What is the remainder when (-3)/(x - 12/f) is divided by 20?
19
Suppose r - 10 = 4. Suppose -m + r = h, 3*h - 42 = -0*h - 4*m. What is the remainder when (67 - -3) + 1*-2 is divided by h?
12
Let n(a) = -17*a + 8. Calculate the remainder when n(-7) is divided by -1 - -11 - 5 - 1*-27.
31
Suppose -5*j - l + 16 = -0*j, -3*j = -2*l - 20. Suppose -13 = -j*w + t, -3*w + 5 + 5 = -t. What is the remainder when 7 is divided by w?
1
Suppose 1346 + 454 = 150*g. Calculate the remainder when (-10)/((2/(-4))/1) is divided by g.
8
Suppose 7*c - 3*c = 28. Suppose 0 = -3*b + c*b - 180. Calculate the remainder when b is divided by 24.
21
Let r be ((-9)/18)/((-1)/6). Suppose -2*x + r*x = -20. Let p = -16 - x. What is the remainder when 10 is divided by p?
2
Let s be 9/(-12) + (2961/12 - 3). Suppose -29*c = -32*c + s. Calculate the remainder when c is divided by (-28)/(-5)*(8 - 3).
25
Let p(x) = 12*x - 7. Suppose 48 = j + j. Let q = j + -18. What is the remainder when p(q) is divided by 17?
14
Calculate the remainder when 250 is divided by (-112)/(-10)*(-100)/(-40).
26
Let z = -3 + 10. Let s(c) = 16*c - 7. Let f be s(z). Suppose 0 = 5*h - 3*v - 75 - 55, 5*h - f = -2*v. What is the remainder when h is divided by 6?
5
Suppose -2*c = 3*c - 70. Let o = 40 - 76. Let b = o + 77. Calculate the remainder when b is divided by c.
13
Let d = 290 - 153. Let z = -76 + d. What is the remainder when z is divided by 16?
13
Calculate the remainder when (2484/135)/(((-4)/(-15))/2) is divided by 41.
15
Suppose 3*v = 160 + 32. Suppose 90*w = 1105 - 115. What is the remainder when v is divided by w?
9
Let c = 1678 + -1670. Suppose -3*v + 3 + 3 = 0. Calculate the remainder when c is divided by v.
0
Let o be 0 + 4 + -1 + 2. Suppose -o = -w, 4*t + 4*w = 92 + 140. Suppose -12060*g + 12067*g - 196 = 0. Calculate the remainder when t is divided by g.
25
Let p = 206 - -69. Calculate the remainder when 64 is divided by (8/(-10))/((-10)/p).
20
Suppose 0 = 10*n - 464 + 124. Calculate the remainder when 61 is divided by n.
27
Let r(y) = -y**3 + 6*y**2 + y. Suppose 3*l = 0, 3*l = -4*f + 8*f - 60. Calculate the remainder when f is divided by r(6).
3
Suppose 4*x - 87 = -g, 2*g + 3*x = 7*x + 138. Calculate the remainder when g is divided by 16.
11
Let q be 0 - 0 - 87/(-3)*-1. Let g = -15 - q. Calculate the remainder when g is divided by 8.
6
Let o(b) = 1236*b - 3689. Calculate the remainder when (2/(-4) + -1)*-50 is divided by o(3).
18
Suppose -9*x + 13*x = 24. Calculate the remainder when (-45)/x*60/(-25) is divided by 10.
8
Let b = -625 - -735. What is the remainder when b is divided by 11?
0
Let i be (((-630)/3)/(-5))/2. Let m = i - 0. Calculate the remainder when 38 is divided by m.
17
Let y = 2 + 2. Let f(j) = 6*j**2 - 2*j. Let p be f(1). Suppose -y*d + 172 = -p*t + 2*t, -53 = -d + 3*t. Calculate the remainder when d is divided by 15.
11
Let l = 44 + -40. Suppose -3*k = j + 2 - 105, 139 = l*k + j. Calculate the remainder when k is divided by 13.
10
Let t be (2/(-4))/(4/(-16)). Suppose 3*h = -t*h + 160. Suppose -7 - 5 = -j. Calculate the remainder when h is divided by j.
8
Let u = -8 - -7. What is the remainder when -1*-2*244/8 is divided by (-4 - u) + 0 + 19?
13
Suppose 3*s + 280 = 2*w - 113, s - 199 = -w. What is the remainder when w is divided by 40?
38
Let a(j) = -3*j**2 - 25*j - 11. Let o be a(-8). Let t(z) = -2*z**3 + 2*z**2 + 2*z + 15. What is the remainder when t(o) is divided by 28?
25
Let g be 896/70*5/2. Let n = 32 - g. Suppose n = 12*m - 13*m + 26. What is the remainder when m is divided by 4?
2
Let i(v) = v**3 - 17*v**2 - 36*v - 25. Calculate the remainder when 685 is divided by i(19).
9
Suppose -6 = -3*z, -2*d + 3*z + 4 = -0*d. Let y(c) = 3*c**2 - 11*c - 3. Calculate the remainder when y(d) is divided by 6.
5
Let w(i) = 5*i - 16. Let j be w(3). What is the remainder when (-4)/(-6) - 80/(-6) is divided by (-96)/(-16) + 1 + j?
2
Suppose 3*q - 52 = -4*z, -18*z - 3*q + 65 = -13*z. What is the remainder when 113 is divided by z?
9
Let d = 38 + -20. Let a = 6 - 21. Let x = a - -25. What is the remainder when d is divided by x?
8
Suppose -3*u - 3*z = -57, -15 = 3*z - 27. What is the remainder when ((-4)/(-6))/((-1)/(-87)) is divided by u?
13
Let i = -369 - -411. Suppose 4*k - 182 = -3*o + o, -3*o + 2*k + 241 = 0. What is the remainder when o is divided by i?
41
Let z(i) = 6*i - 57. Let b be z(9). Calculate the remainder when 148 is divided by (-2)/(-10) + (-264)/(-5) + b.
48
Let z(u) = u**2 + 2*u - 83. Calculate the remainder when 46 is divided by z(-11).
14
Let p(k) = 3*k + 4. What is the remainder when 100 is divided by p(3)?
9
Suppose -510 - 318 = -23*s. Calculate the remainder when 102 is divided by s.
30
Let y(w) = -9*w + 351. What is the remainder when y(0) is divided by 11?
10
Suppose 81*b + 45864 = 172*b. Calculate the remainder when b is divided by 101.
100
Let f(y) = -y**3 + y - 2. Let a = 561 - 531. What is the remainder when f(-5) is divided by a?
28
Suppose -7*w = -467 - 268. Calculate the remainder when w is divided by 30.
15
Let n(f) = 137*f**3 - 2*f + 1. Let m be n(1). Suppose m = 3*s + 25. Calculate the remainder when s is divided by 19.
18
Suppose -4*f = -106 - 166. Suppose 0 = 3*w + w - f. Suppose -l + 4*l - q - w = 0, -2*l + 2*q + 6 = 0. Calculate the remainder when l is divided by 5.
2
Calculate the remainder when -108*6/45*160/(-3) is divided by 43.
37
Let n(h) = -h**3 - 10*h**2 - 7*h + 18. Let b be n(-9). Suppose l - 6 + 2 = b. What is the remainder when 6 is divided by l?
2
Let g = 5 - 3. Suppose 0 = -2*z - g + 4. W